 derivative of -v**6/30 - v**5/60 - v**4/24 + v**3/6 - 2*v**2. Let j be (-3 + (-2)/(-2))/(-2). Give x(j).
-5
Let b = 678 - 676. Let v(w) be the third derivative of 3*w**b + 7/6*w**3 - 1/12*w**4 + 0 + 0*w. What is v(6)?
-5
Let o(z) = -3*z**2 + 16*z + 3. Let s be o(5). Let k(j) = j**2 - 8*j. Give k(s).
0
Let g(d) = -d**2 + 5 - d - 80*d**3 + 81*d**3 - 6*d**2. Let k(n) = n**2 + 5*n - 7. Let r be k(-7). Give g(r).
-2
Let p(s) = -5 + 13*s - 30*s - s**2 + 15*s. Determine p(-6).
-29
Let v(t) = -9*t + 11. Let p(b) = -14*b + 10. Let m(q) = -2*p(q) + 3*v(q). Calculate m(-7).
6
Let f(a) be the third derivative of a**6/120 + a**5/12 + a**4/12 + a**3 - 3*a**2 - 76*a. What is f(-4)?
14
Let v(q) = 0 + 2*q**3 + 5*q**2 - 2*q - 3*q**3 + 3. Let m be (-15)/(-4) + 1 + (-7)/(-28). Determine v(m).
-7
Suppose -3 = y + 1, -7 = -5*g - 2*y. Let i be 1*28*g/12. Let a(p) = -p**2 + 6*p + 9. What is a(i)?
2
Let k(t) = 2*t + 1. Let p be 725/5 + (-8)/(-4). Suppose 51 = -3*n + p. Suppose -5*s - n = f, 3*f + 17 = -2*s - 1. Determine k(s).
-11
Let j(b) = b**3 + 2*b**2 + b - 2. Let c be j(2). Let z(x) = 7 + 8 - c + 3*x. What is z(-2)?
-7
Let t(h) = 6 - 2*h + h - h. Suppose 58*m - 325 = -93. Give t(m).
-2
Let l(a) = -2*a**3 - 2*a**2 - 4*a - 4. Let w(s) = s**3 + 7*s**2 - 7*s + 6. Let y be w(-8). Determine l(y).
12
Let x be (-2)/(-1)*(156/8)/(-13). Let j(w) = 3*w + 5. What is j(x)?
-4
Let p(f) = f**3 + 5*f - 2. Let r(n) = n**3 - 3*n**2 + 4*n. Let u be r(2). Let j(g) = -3*g**3 - 14*g + 5. Let a(s) = u*j(s) + 11*p(s). Determine a(0).
-2
Let v(h) = 2*h**2 + 3*h. Suppose t - 57 = y, 4*t = 6 + 6. Let i be 9/y - 11/6. Calculate v(i).
2
Let o be (-2 - 0)/((-230)/(-20) + -11). Let f(h) be the first derivative of -5*h**2/2 - 2*h + 5. Determine f(o).
18
Let y = -198 - -192. Let f(k) = 2*k**2 + 7*k + 3. Calculate f(y).
33
Let a = 18 + -12. Suppose -m + a*m = 0. Suppose 5*x = -m + 20. Let b(j) = j**2 - 6*j + 5. What is b(x)?
-3
Suppose 40 = 5*g + 5. Suppose -g + 23 = 4*p. Let j(u) = -3*u - 4. Calculate j(p).
-16
Let c(f) be the third derivative of f**5/60 - 13*f**4/24 + 3*f**3/2 - 2*f**2 - 19. Determine c(12).
-3
Let h(u) be the third derivative of u**5/10 + u**4/6 + u**3/6 - 2*u**2 - 15. Give h(-3).
43
Let b(k) be the second derivative of 3*k - 5/6*k**3 + k**2 + 1/6*k**4 + 0. Let f(g) = -2*g**2 - 53*g + 30. Let l be f(-27). Determine b(l).
5
Let c(j) = -j**3 - 5*j**2 - 2*j. Let g(l) = l**2 - 4*l. Let u be g(2). What is c(u)?
-8
Let y(o) = -o + 5. Suppose -r = -16*r. Calculate y(r).
5
Let p be 5/(-1) + 19 + -12. Let u(d) = 5*d. What is u(p)?
10
Suppose 88 = 15*j - 17. Let w(g) = -g**3 + 6*g**2 + 7*g + 6. What is w(j)?
6
Let y = -3 + 6. Suppose -3*i + 2*x - 7*x + 13 = 0, -3*i = -5*x - 53. Let o(f) = y + f**2 + f**3 - 4*f**2 + i*f**2 - f - 5*f**2. Give o(-4).
-9
Let l(p) = -p - 9. Let y = 0 + -4. What is l(y)?
-5
Let b(k) = -3*k**3 + 3*k**2 + 11. Let u(f) = f**2 - 2*f**3 - 223 + f**2 + 229. Let y(v) = -3*b(v) + 5*u(v). Determine y(0).
-3
Let k(q) = q**2 - 8*q + 3. Let t be 19/1 + -6 + 9. Let j = t + -20. Suppose j*a = 5*s - 21, -3*s + 5*a - 2*a = -9. Determine k(s).
-12
Let a(l) = -23*l**3 + 3*l**2 + 4*l - 4. Let t(b) = 8*b**3 - b**2 - b + 1. Let w(f) = 3*a(f) + 8*t(f). Calculate w(2).
-32
Let m(t) = 2*t**2 - t**2 - 11*t + 52 + 79 - 112. Determine m(9).
1
Let z(g) = -g**3 - 2*g**2 + 4*g - 2. Let j(m) = m**3 + m**2 + m + 2. Suppose 0*w - 28 = 4*w. Let p = w + 5. Let i be j(p). Determine z(i).
14
Let n(o) be the first derivative of o**4/4 - 5*o**3/3 + 3*o**2 + 646. Calculate n(3).
0
Let q be (-5)/2*(-112)/(-70). Let n(b) = -4*b + 3. Calculate n(q).
19
Let w be (-3)/18 - 23/6. Let y(s) = -8*s + 18. Let f(j) = 3*j - 6. Suppose k + 56 = -3*k. Let o(x) = k*f(x) - 5*y(x). Determine o(w).
2
Let g(i) = -i**2 - 4 - 5 - 115*i + 123*i. Let r be g(5). Let x(h) = -h + 1. Calculate x(r).
-5
Let f be (-30)/9*24/(-20). Let b(d) = -5*d**2 - 6 + f*d**3 - 6*d**3 + 6*d + 3*d**3. Calculate b(4).
2
Let a(v) = -8*v**3 - 1. Suppose m + 4*b = 16, 2*m - 2*b = -7*b + 23. Suppose 3 - 11 = m*o. Let y = 3 + o. Give a(y).
-9
Let d(i) = 2*i**2 - 9*i**2 - 8*i + 6*i**2 + 2 - 2*i. Give d(-10).
2
Let x(g) = -3*g**2 + 2*g + 9. Let n be x(-2). Let o(t) = -5*t + 9. Determine o(n).
44
Suppose -2*z + 32*x = 27*x - 37, z + 5*x + 19 = 0. Let h(k) be the third derivative of k**6/120 - k**5/12 - k**4/4 + 3*k**3/2 + 2*k**2. Give h(z).
9
Let a(t) = -t**2 + 4*t + 2. Suppose 2*v + 10 = 5*i + 5*v, -3*i + 4*v = -6. Suppose h + 1 + i = 0. Give a(h).
-19
Let b = -25 + 39. Let q(h) = h + 1. Let s(g) = 6*g + 6. Let l(p) = b*q(p) - 2*s(p). Calculate l(2).
6
Let z(q) = q - 1. Let g(l) = 16*l**2 + l - 1. Let f be g(1). Let m = f - 17. What is z(m)?
-2
Suppose 0*x + 18 = -3*x + 3*c, 0 = -x - c. Let p(g) be the first derivative of g**3/3 + 5*g**2/2 + 4*g - 1. What is p(x)?
-2
Let n(a) be the third derivative of -5*a**4/12 + a**3/6 - 2*a**2 - 124*a. Give n(2).
-19
Let g = -937 - -940. Let c(l) be the first derivative of -1/4*l**4 + l + 6 - 1/2*l**2 + 2/3*l**g. What is c(1)?
1
Let v(q) = 4*q + 1. Suppose 0*i + 4 = 2*i. Let k be 6 - i - (3 - 2). Give v(k).
13
Let p(l) = l**2 + 3*l - 8. Let b be p(-5). Suppose -4*c + 14 = 2*m, -4*c + 2*m = -b*m + 4. Let s(n) = -n**3 + 2. Give s(c).
-6
Let r be (-2)/6 + (-7)/(-3). Let i(a) be the third derivative of a**6/120 - a**5/60 - a**4/6 + a**3/2 + 26*a**2. Calculate i(r).
-1
Let x(y) = -23 + 4*y + 40 - 2*y - y. Determine x(-14).
3
Let x(h) = -h**2 - 5*h - 3. Let v be 3/(-2) - (-30)/12. Suppose -9 + v = 2*p. Give x(p).
1
Let q(c) = -c**3 + 4*c**2 + 3*c + 6. Suppose 6 + 3 = 9*u. Suppose -4*j - u + 21 = 0. Calculate q(j).
-4
Suppose -2*f + 2*q = 3*f, 5*q - 21 = 2*f. Let a(k) = 3 + f + 237*k - 238*k. Give a(-4).
9
Suppose 70 = 22*u - 150. Let i(c) = c - 14. Determine i(u).
-4
Let o = 1299 - 1304. Let q(h) = -2*h**2 - 6*h + 4. What is q(o)?
-16
Let v(d) be the third derivative of 0 - 2/3*d**3 + 1/12*d**4 - 1/60*d**5 + 17*d**2 + 0*d. Suppose 0 = -z + 3. Calculate v(z).
-7
Suppose 3*f = 2*f. Suppose z = -f*z. Suppose 5*g + p + 20 = 5*p, z = -4*g + 5*p - 16. Let l(k) = 2*k + 5. What is l(g)?
-3
Let u(s) = 0*s + 4*s - 7 - 2*s - 4*s + 33. Give u(8).
10
Let v = 14 + -134. Let a be (v/15)/(-1*2). Let o(y) = -5 - a + y - 2*y - 2*y. What is o(-6)?
9
Let a(r) = 51*r - 27. Let v(i) = -29*i + 14. Let o(j) = -4*a(j) - 7*v(j). Suppose -f + 1 + 9 = 0. Give o(f).
0
Let j(u) = -7*u. Let y(p) be the first derivative of -3*p**2 - p - 3. Let w = -12 + 9. Let m(g) = w*j(g) + 4*y(g). Give m(-4).
8
Let b(r) = -982 + 1967 - 986 - 30*r. Determine b(-1).
29
Let g(p) = 1 + 29*p**3 + p**2 - 56*p**3 + 28*p**3. Determine g(-3).
-17
Let w(y) = -y**2 + 5*y - 3. Let p be (-348)/22 - ((-31)/11 - -3). Let q be 21/6 + (-8)/p. Calculate w(q).
1
Suppose 3*f - 23 = -2*n, 0*n + n + 3*f - 13 = 0. Let x be -8 + 1 + 2/2. Let d be -1*4 - (x + n). Let v(c) = -c**3 - 9*c**2 - 7*c + 3. Give v(d).
-5
Let x(d) = 9*d**3 + d**2 + d. Let h(o) = -o**3 + 7*o**2 + 2. Let f be h(7). Suppose f*j + 6 - 4 = 0. Determine x(j).
-9
Let i(w) = -4*w. Suppose 0 = -r + 6*r + 20. Let j be 2/r*5 - 3/(-6). Calculate i(j).
8
Let w(z) = 2*z - 10. Let j be (-6)/(-3) - -9 - 8. Calculate w(j).
-4
Let d(h) be the second derivative of h**5/20 + h**4/6 - h**3/6 + h**2/2 - h - 72. Determine d(-2).
3
Let u(s) be the first derivative of -s**6/120 + s**5/10 - s**4/24 - s**3 - 7*s**2 - 20. Let y(j) be the second derivative of u(j). Determine y(6).
-12
Let y(g) = -3*g**3 - 5 - 4*g + 4*g**3 - 4*g**2 + 5*g. Suppose -117 = -5*w - 37. Suppose 3*s + s = w. Give y(s).
-1
Let a(s) = -s**2 - 19*s + 94. Let k be a(-23). Let v(p) = 2*p**3 - 3*p**2 + 3*p - 3. Determine v(k).
7
Suppose 3*n = 5*v + 38, -4*v - 26 = -5*n + 7. Let f(o) = -o**3 - 6*o**2 + 6309*o - 6301*o + 10 + 0. Determine f(v).
3
Let v(z) = -z**2 + 10*z - 12. Suppose 5*h + 3*s - 60 = 0, s + 65 = 5*h + 5*s. What is v(h)?
-3
Let t(n) = -n + n**2 - n + 0*n + 3. Let a = -136 + 144. Suppose 18 = 14*d - a*d. Determine t(d).
6
Let q(u) = -4*u + 4*u**2 - 5*u - 7*u + 22*u + 6. Let l(r) = -7*r**2 - 11*r - 11. Let i(v) = 6*l(v) + 11*q(v). Give i(-2).
8
Let w be (1/2)/((-1)/12). Let c(q) be the first derivative of q**3/3 + 5*q**2/2 - q - 2619. Determine c(w).
5
Let q(x) = x**2 - 9*x - 2. Suppose 4*f = -40 - 36. Let a = f + 24. What is q(a)?
-22
Suppose 0 = -5*u +